{"id":286,"date":"2016-10-31T13:17:59","date_gmt":"2016-10-31T16:17:59","guid":{"rendered":"https:\/\/isjpp-slu.infd.edu.ar\/sitio\/?page_id=286"},"modified":"2020-12-02T01:57:55","modified_gmt":"2020-12-02T04:57:55","slug":"inicio","status":"publish","type":"page","link":"https:\/\/isjpp-slu.infd.edu.ar\/sitio\/","title":{"rendered":"Inicio"},"content":{"rendered":"<div id=\"metaslider-id-977\" style=\"width: 100%; margin: 0 auto;\" class=\"ml-slider-3-33-0 metaslider metaslider-flex metaslider-977 ml-slider ms-theme-default\" role=\"region\" aria-roledescription=\"Slideshow\" aria-label=\"Slideshow\">\n    <div id=\"metaslider_container_977\">\n        <div id=\"metaslider_977\" class=\"flexslider\">\n            <ul aria-live=\"polite\" class=\"slides\">\n                <li style=\"display: block; width: 100%;\" class=\"slide-990 ms-image\" aria-roledescription=\"slide\" aria-label=\"slide-990\"><a href=\"https:\/\/isjpp-slu.infd.edu.ar\/sitio\/catalogo\/\" target=\"_self\"><img src=\"https:\/\/isjpp-slu.infd.edu.ar\/sitio\/wp-content\/uploads\/2020\/10\/Banner-Inscripcion.png\" height=\"200\" width=\"1100\" alt=\"\" class=\"slider-977 slide-990\" title=\"Banner - Inscripcion\" \/><\/a><\/li>\n                <li style=\"display: none; width: 100%;\" class=\"slide-986 ms-image\" aria-roledescription=\"slide\" aria-label=\"slide-986\"><img src=\"https:\/\/isjpp-slu.infd.edu.ar\/sitio\/wp-content\/uploads\/2020\/10\/Banner-Imagen-1.png\" height=\"200\" width=\"1100\" alt=\"\" class=\"slider-977 slide-986\" title=\"Banner - Imagen 1\" \/><\/li>\n                <li style=\"display: none; width: 100%;\" class=\"slide-993 ms-image\" aria-roledescription=\"slide\" aria-label=\"slide-993\"><a href=\"https:\/\/isjpp-slu.infd.edu.ar\/sitio\/catalogo\/tecnicatura-en-periodismo-deportivo\/\" target=\"_self\"><img src=\"https:\/\/isjpp-slu.infd.edu.ar\/sitio\/wp-content\/uploads\/2020\/10\/Banner-Tecnicatura.png\" height=\"200\" width=\"1100\" alt=\"\" class=\"slider-977 slide-993\" title=\"Banner - Tecnicatura\" \/><\/a><\/li>\n                <li style=\"display: none; width: 100%;\" class=\"slide-987 ms-image\" aria-roledescription=\"slide\" aria-label=\"slide-987\"><img src=\"https:\/\/isjpp-slu.infd.edu.ar\/sitio\/wp-content\/uploads\/2020\/10\/Banner-Imagen-2.png\" height=\"200\" width=\"1100\" alt=\"\" class=\"slider-977 slide-987\" title=\"Banner - Imagen 2\" \/><\/li>\n                <li style=\"display: none; width: 100%;\" class=\"slide-992 ms-image\" aria-roledescription=\"slide\" aria-label=\"slide-992\"><a href=\"https:\/\/isjpp-slu.infd.edu.ar\/sitio\/catalogo\/profesorado-en-educacion-fisica\/\" target=\"_self\"><img src=\"https:\/\/isjpp-slu.infd.edu.ar\/sitio\/wp-content\/uploads\/2020\/10\/Banner-Profesorado.png\" height=\"200\" width=\"1100\" alt=\"\" class=\"slider-977 slide-992\" title=\"Banner - Profesorado\" \/><\/a><\/li>\n                <li style=\"display: none; width: 100%;\" class=\"slide-988 ms-image\" aria-roledescription=\"slide\" aria-label=\"slide-988\"><img src=\"https:\/\/isjpp-slu.infd.edu.ar\/sitio\/wp-content\/uploads\/2020\/10\/Banner-Imagen-3.png\" height=\"200\" width=\"1100\" alt=\"\" class=\"slider-977 slide-988\" title=\"Banner - Imagen 3\" \/><\/li>\n                <li style=\"display: none; width: 100%;\" class=\"slide-991 ms-image\" aria-roledescription=\"slide\" aria-label=\"slide-991\"><a href=\"https:\/\/isjpp-slu.infd.edu.ar\/sitio\/catalogo\/lic-en-educacion-fisica\/\" target=\"_self\"><img src=\"https:\/\/isjpp-slu.infd.edu.ar\/sitio\/wp-content\/uploads\/2020\/10\/Banner-Licenciatura.png\" height=\"200\" width=\"1100\" alt=\"\" class=\"slider-977 slide-991\" title=\"Banner - Licenciatura\" \/><\/a><\/li>\n                <li style=\"display: none; width: 100%;\" class=\"slide-989 ms-image\" aria-roledescription=\"slide\" aria-label=\"slide-989\"><img src=\"https:\/\/isjpp-slu.infd.edu.ar\/sitio\/wp-content\/uploads\/2020\/10\/Banner-Imagen-4.png\" height=\"200\" width=\"1100\" alt=\"\" class=\"slider-977 slide-989\" title=\"Banner - Imagen 4\" \/><\/li>\n            <\/ul>\n        <\/div>\n        \n    <\/div>\n<\/div>\n<div style=\"text-align: center;\">\n<h1><strong>CENTRO DE EDUCACI\u00d3N SUPERIOR<\/strong><\/h1>\n<\/div>\n<div style=\"text-align: center;\"><span style=\"font-size: 20px;\"><span style=\"color: #000000;\">En el\u00a0<strong>INSTITUTO SUPERIOR JUAN PASCUAL PRINGLES<\/strong>\u00a0estamos comprometidos con todos los estudiantes, por esta raz\u00f3n, ofrecemos atenci\u00f3n personalizada; gracias a esto, recomiendan nuestro\u00a0<strong>Centro de Educaci\u00f3n Superior<\/strong>\u00a0en\u00a0San Luis.<br \/>\nContamos con los programas de\u00a0<strong><a href=\"https:\/\/isjpp-slu.infd.edu.ar\/sitio\/catalogo\/tecnicatura-en-periodismo-deportivo\/\">Tecnicatura en Periodismo Deportivo<\/a>,<\/strong>\u00a0<strong><a href=\"https:\/\/isjpp-slu.infd.edu.ar\/sitio\/catalogo\/profesorado-en-educacion-fisica\/\">Profesorado de Educaci\u00f3n F\u00edsica<\/a> y <a href=\"https:\/\/isjpp-slu.infd.edu.ar\/sitio\/catalogo\/lic-en-educacion-fisica\/\">Licenciatura en Educaci\u00f3n F\u00edsica<\/a><\/strong><br \/>\n<\/span><br \/>\n<\/span><\/div>\n<div>\n<p><!--- ============================================================================================================= ============================================================================================================= --><\/p>\n<div id=\"Contenedor\" style=\"width: 90%; height: 350px; border-radius: 10px; margin: auto;\">\n<div class=\"vertical\" style=\"width: 50%; height: 80%; float: left;\">\n<div class=\"diy-f-spot wow fadeInRight\" style=\"background-repeat: repeat; border-radius: 6px; margin: 20px; box-shadow: #858585 0px 0px 7px 0px; visibility: visible;\">\n<div class=\"widget-wrapper widget-element free-image diy-resizable \">\n<div id=\"widget-id-5812176\" class=\"widget-body \">\n<div class=\"freetext-image \" style=\"margin: auto; text-align: center; justify-content: center;\">\n<div class=\"Contenedor IMG\" style=\"padding: 20px 0px 0px 0px;\"><img decoding=\"async\" loading=\"lazy\" class=\"Icono\" src=\"https:\/\/isjpp-slu.infd.edu.ar\/sitio\/wp-content\/uploads\/2020\/09\/2288531-icon-educa-6512b.png\" alt=\"\" width=\"90\" height=\"90\" \/><\/div>\n<div><strong style=\"color: #000000; font-size: 20px;\">\u00bfPor qu\u00e9 elegirnos?<\/strong><\/div>\n<\/div>\n<\/div>\n<\/div>\n<div class=\"widget-wrapper widget-element line diy-resizable \">\n<div id=\"widget-id-5812182\" class=\"widget-body \">\n<hr id=\"line_7412987\" style=\"width: 8%; height: 3px; margin: 10px auto; border: none; box-shadow: 0px 0px 0px 0px; background-image: -webkit-linear-gradient(right, #e2bf52, #e2bf52, #e2bf52);\" \/>\n<\/div>\n<\/div>\n<div class=\"widget-wrapper widget-element free-text diy-resizable raleway400 interlineado20px\">\n<div id=\"widget-id-5812170\" class=\"widget-body \" style=\"margin: 0px 0px 10px 0px; padding: 0px 10px 2px 10px;\">\n<div class=\"freetextarea\">\n<div>\n<div>\n<div style=\"text-align: center;\"><span style=\"font-size: 18px;\"><span style=\"color: #4e5f70;\"><strong>Las personas nos prefieren por:<\/strong><\/span><\/span><\/div>\n<div><\/div>\n<\/div>\n<\/div>\n<div style=\"text-align: center;\"><span style=\"font-size: 16px;\"><span style=\"color: #38af5a;\"><strong>\u2713<\/strong><\/span><span style=\"color: #000000;\">Contar con una oferta \u00fanica en San Luis.<\/span><\/span><\/div>\n<div style=\"text-align: center;\"><span style=\"font-size: 16px;\"><span style=\"color: #38af5a;\"><strong>\u2713<\/strong><\/span>\u00a0<span style=\"color: #000000;\">La excelente calidad y la seriedad en la formaci\u00f3n profesional.<\/span><\/span><\/div>\n<div style=\"text-align: center;\"><span style=\"font-size: 16px;\"><span style=\"color: #38af5a;\"><strong>\u2713<\/strong><\/span> <span style=\"color: #000000;\">Trabajar con docentes destacados y reconocidos por su amplia <\/span><\/span><\/div>\n<div style=\"text-align: center;\"><span style=\"font-size: 16px;\"><span style=\"color: #000000;\">experiencia en educaci\u00f3n.<\/span><br \/>\n<\/span><\/div>\n<div><\/div>\n<div><\/div>\n<\/div>\n<\/div>\n<\/div>\n<\/div>\n<\/div>\n<p><!-- Aqu\u00ed comienza el segundo cuadro --><\/p>\n<div class=\"vertical\" style=\"width: 50%; height: 80%; float: right;\">\n<div class=\"diy-f-spot wow fadeInRight\" style=\"background-repeat: repeat; border-radius: 6px; margin-top: 20px; margin-right: 20px; box-shadow: #858585 0px 0px 7px 0px; visibility: visible;\">\n<div class=\"widget-wrapper widget-element free-image diy-resizable \">\n<div id=\"widget-id-5812213\" class=\"widget-body \">\n<div class=\"freetext-image \" style=\"margin: auto; text-align: center; justify-content: center;\">\n<div class=\"image_wrapper diy-icss-target\" style=\"padding: 20px 0px 0px 0px;\">\n<div class=\"diy-fi-container diy-fi-effect-4\"><img decoding=\"async\" loading=\"lazy\" class=\"alignnone size-full wp-image-895\" src=\"https:\/\/isjpp-slu.infd.edu.ar\/sitio\/wp-content\/uploads\/2020\/09\/2288532-icon-obje-45c48.png\" alt=\"\" width=\"90\" height=\"90\" \/><\/div>\n<\/div>\n<\/div>\n<\/div>\n<\/div>\n<div class=\"widget-wrapper widget-element free-text diy-resizable openSansBold tm25\">\n<div id=\"widget-id-5812214\" class=\"widget-body \" style=\"margin: 0px 0px 10px 0px; padding: 0px 10px 0px 10px;\">\n<div class=\"freetextarea\">\n<div>\n<div style=\"text-align: center;\"><span style=\"font-size: 20px;\"><span style=\"color: #000000;\"><strong>Prop\u00f3sitos<\/strong><\/span><\/span><\/div>\n<\/div>\n<\/div>\n<\/div>\n<\/div>\n<div class=\"Ancho ajustable\">\n<div id=\"Ancho\" class=\"widget-body \">\n<hr id=\"Linea\" style=\"width: 8%; height: 3px; margin: 10px auto; border: none; box-shadow: 0px 0px 0px 0px; background-image: -webkit-linear-gradient(right, #e2bf52, #e2bf52, #e2bf52);\" \/>\n<\/div>\n<\/div>\n<div class=\"widget-wrapper widget-element free-text diy-resizable raleway400 interlineado20px\">\n<div id=\"widget-id-5812216\" class=\"widget-body \" style=\"margin: 0px 0px 10px 0px; padding: 0px 10px 0px 10px;\">\n<div class=\"freetextarea\">\n<div>\n<div>\n<div style=\"text-align: center;\"><span style=\"font-size: 18px;\"><span style=\"color: #4e5f70;\"><strong>Algunos de nuestros prop\u00f3sitos son:<\/strong><\/span><\/span><\/div>\n<\/div>\n<\/div>\n<div style=\"text-align: center; margin: auto;\"><span style=\"font-size: 16px; margin-left: 20px;\"><span style=\"font-size: 16px; margin-left: 20px;\"><br \/>\n<span style=\"color: #38af5a;\"><strong>\u25cf<\/strong><\/span><span style=\"color: #000000;\">Lograr la permanencia de nuestros estudiantes.\u00a0<\/span><\/span><\/span><\/div>\n<div style=\"text-align: center; margin: auto;\"><span style=\"color: #38af5a;\"><strong>\u25cf<\/strong><\/span><span style=\"color: #000000;\">Ampliar el sector.<\/span><\/div>\n<div style=\"text-align: center; margin: auto;\"><span style=\"color: #38af5a;\"><strong>\u25cf<\/strong><\/span><span style=\"color: #000000;\">Obtener informaci\u00f3n de visitantes.<\/span><\/div>\n<div style=\"text-align: center; margin: auto;\"><span style=\"color: #38af5a;\"><strong>\u25cf<\/strong><\/span><span style=\"color: #000000;\">Informar sobre nuestras novedades.<\/span><\/div>\n<div style=\"text-align: center; margin: auto;\"><span style=\"color: #38af5a;\"><strong>\u25cf<\/strong><\/span><span style=\"color: #000000;\">Llegar a nuevos estudiantes.\u200b\u200b\u200b\u200b\u200b\u200b\u200b<\/span><\/div>\n<div><\/div>\n<\/div>\n<\/div>\n<\/div>\n<\/div>\n<\/div>\n<\/div>\n<p><!--- ============================================================================================================= ============================================================================================================= --><\/p>\n<\/div>\n<div><\/div>\n<p><!--more--><\/p>\n<style>\n*{<br \/>    margin: 0;<br \/>    padding: 0;<br \/>    box-sizing: border-box;<br \/>}<\/p>\n<p>.post:hover{<br \/>    transform: translateY(-4px);<br \/>    box-shadow: 0 1px 14px 2px rgba(0, 0, 0, .15);<br \/>}<\/p>\n<p>.post:hover .post-img-1,<br \/>.post:hover .post-img-2,<br \/>.post:hover .post-img-3{<br \/>    transform: scale(1.1);<br \/>}<\/p>\n<p>.post-body .post-link:hover{<br \/>    background: #3378c7;<br \/>    box-shadow: 1px 2px 6px 1px rgba(0, 0, 0, .2);<br \/>    transform: translateY(-2px);<br \/>}<br \/><\/style>\n<section class=\"post-list\" style=\"display: flex; min-height: 100vH; align-items: center; justify-content: center; padding: 30px 15px;\">\n<div class=\"content\" style=\"display: grid; grid-template-columns: repeat(3,1fr); grid-gap: 20px; max-width: 1000px; margin: auto;\">\n<article class=\"post\" style=\"box-shadow: 0 1px 14px 2px rgba(0, 0, 0, .15); overflow: hidden; transition: .2s; transform: translateY(-4px);\">\n<div class=\"post-header\" style=\"width: 100%; height: 200px; overflow: hidden; cursor: pointer;\">\n<div class=\"post-img-1\" style=\"background: url('https:\/\/isjpp-slu.infd.edu.ar\/sitio\/wp-content\/uploads\/2020\/12\/Profe1.jpg'); width: 100%; height: 200px; background-size: cover; background-position: center; transition: .2s;\"><\/div>\n<\/div>\n<div class=\"post-body\" style=\"padding: 15px; text-align: center;\">\n<p><span style=\"display: inline-block; color: #999; margin-bottom: 10px;\">Eleg\u00ed tu mejor futuro<\/span><\/p>\n<h2 style=\"margin-bottom: 15px;\">Profesorado en Educaci\u00f3n f\u00edsica<\/h2>\n<p>&nbsp;<\/p>\n<p style=\"line-height: 1.5; margin-bottom: 20px;\">Un profesor\/a en educaci\u00f3n f\u00edsica trabajan en clubes deportivos, centros educativos o universidades. Entre sus tareas destacan programar, organizar y coordinar actividades deportivas; supervisar grupos; entrenar al alumnado en diferentes disciplinas deportivas y motivarlo para que mejore su rendimiento f\u00edsico.<\/p>\n<p><a class=\"post-link\" style=\"display: inline-block; align-items: flex-end; text-decoration: none; padding: 7px; background: #2b6ebb; color: #fff; width: 50%; margin: auto; border-radius: 20px; box-shadow: 1px 2px 6px 1px rgba(0, 0, 0, .1); transition: .2s;\" href=\"https:\/\/isjpp-slu.infd.edu.ar\/sitio\/catalogo\/profesorado-en-educacion-fisica\/\">Leer m\u00e1s&#8230;<\/a><\/p>\n<\/div>\n<\/article>\n<article class=\"post\" style=\"box-shadow: 0 1px 14px 2px rgba(0, 0, 0, .15); overflow: hidden; transition: .2s; transform: translateY(-4px);\">\n<div class=\"post-header\" style=\"width: 100%; height: 200px; overflow: hidden; cursor: pointer;\">\n<div class=\"post-img-2\" style=\"background: url('https:\/\/isjpp-slu.infd.edu.ar\/sitio\/wp-content\/uploads\/2020\/12\/Lic-profe.jpg'); width: 100%; height: 200px; background-size: cover; background-position: center; transition: .2s;\"><\/div>\n<\/div>\n<div class=\"post-body\" style=\"padding: 15px; text-align: center;\">\n<p><span style=\"display: inline-block; color: #999; margin-bottom: 10px;\">Eleg\u00ed tu mejor futuro<\/span><\/p>\n<h2 style=\"margin-bottom: 15px;\">Licenciatura en Educaci\u00f3n f\u00edsica<\/h2>\n<p>&nbsp;<\/p>\n<p style=\"line-height: 1.5; margin-bottom: 20px;\">Esta Carrera busca formar profesionales de la Educaci\u00f3n F\u00edsica, que dentro de un marco \u00e9tico y con una formaci\u00f3n human\u00edstica, posean conocimientos cient\u00edficos, teniendo en cuenta el concepto actual de la Educaci\u00f3n F\u00edsica en alto rendimiento.<\/p>\n<p><a class=\"post-link\" style=\"display: block; text-decoration: none; padding: 7px; background: #2b6ebb; color: #fff; width: 50%; margin: auto; border-radius: 20px; box-shadow: 1px 2px 6px 1px rgba(0, 0, 0, .1); transition: .2s;\" href=\"https:\/\/isjpp-slu.infd.edu.ar\/sitio\/catalogo\/lic-en-educacion-fisica\/\">Leer m\u00e1s&#8230;<\/a><\/p>\n<\/div>\n<\/article>\n<article class=\"post\" style=\"box-shadow: 0 1px 6px 1px rgba(0, 0, 0, .1); overflow: hidden; transition: .2s;\">\n<div class=\"post-header\" style=\"width: 100%; height: 200px; overflow: hidden; cursor: pointer;\">\n<div class=\"post-img-3\" style=\"background: url('https:\/\/isjpp-slu.infd.edu.ar\/sitio\/wp-content\/uploads\/2020\/11\/periodista-deportivo.jpg'); width: 100%; height: 200px; background-size: cover; background-position: center; transition: .2s;\"><\/div>\n<\/div>\n<div class=\"post-body\" style=\"padding: 15px; text-align: center;\">\n<p><span style=\"display: inline-block; color: #999; margin-bottom: 10px;\">Eleg\u00ed tu mejor futuro<\/span><\/p>\n<h2 style=\"margin-bottom: 15px;\">Tec. Sup. en Periodismo Deportivo<\/h2>\n<p style=\"line-height: 1.5; margin-bottom: 20px;\">Esta carrera busca formar profesionales con conocimientos generales en cada deporte, capaces de realizar producciones period\u00edsticas, conducci\u00f3n y redacci\u00f3n, para programas period\u00edsticos, deportivos o no, en medios gr\u00e1ficos, radiof\u00f3nicos y televisivos.<\/p>\n<p><a class=\"post-link\" style=\"display: block; text-decoration: none; padding: 7px; background: #2b6ebb; color: #fff; width: 50%; margin: auto; border-radius: 20px; box-shadow: 1px 2px 6px 1px rgba(0, 0, 0, .1); transition: .2s;\" href=\"https:\/\/isjpp-slu.infd.edu.ar\/sitio\/catalogo\/tecnicatura-en-periodismo-deportivo\/\">Leer m\u00e1s&#8230;<\/a><\/p>\n<\/div>\n<\/article>\n<\/div>\n<\/section>\n","protected":false},"excerpt":{"rendered":"<p>CENTRO DE EDUCACI\u00d3N SUPERIOR En el\u00a0INSTITUTO SUPERIOR JUAN PASCUAL PRINGLES\u00a0estamos comprometidos con todos los estudiantes, por esta raz\u00f3n, ofrecemos atenci\u00f3n personalizada; gracias a esto, recomiendan nuestro\u00a0Centro de Educaci\u00f3n Superior\u00a0en\u00a0San Luis. Contamos con los programas de\u00a0Tecnicatura en Periodismo Deportivo,\u00a0Profesorado de Educaci\u00f3n F\u00edsica y Licenciatura en Educaci\u00f3n F\u00edsica \u00bfPor qu\u00e9 elegirnos? Las personas nos prefieren por: \u2713Contar &#8230; <a title=\"Inicio\" class=\"read-more\" href=\"https:\/\/isjpp-slu.infd.edu.ar\/sitio\/\" aria-label=\"More on Inicio\">[+]<\/a><\/p>\n","protected":false},"author":1,"featured_media":0,"parent":0,"menu_order":0,"comment_status":"closed","ping_status":"closed","template":"","meta":[],"acf":[],"_links":{"self":[{"href":"https:\/\/isjpp-slu.infd.edu.ar\/sitio\/wp-json\/wp\/v2\/pages\/286"}],"collection":[{"href":"https:\/\/isjpp-slu.infd.edu.ar\/sitio\/wp-json\/wp\/v2\/pages"}],"about":[{"href":"https:\/\/isjpp-slu.infd.edu.ar\/sitio\/wp-json\/wp\/v2\/types\/page"}],"author":[{"embeddable":true,"href":"https:\/\/isjpp-slu.infd.edu.ar\/sitio\/wp-json\/wp\/v2\/users\/1"}],"replies":[{"embeddable":true,"href":"https:\/\/isjpp-slu.infd.edu.ar\/sitio\/wp-json\/wp\/v2\/comments?post=286"}],"version-history":[{"count":196,"href":"https:\/\/isjpp-slu.infd.edu.ar\/sitio\/wp-json\/wp\/v2\/pages\/286\/revisions"}],"predecessor-version":[{"id":1125,"href":"https:\/\/isjpp-slu.infd.edu.ar\/sitio\/wp-json\/wp\/v2\/pages\/286\/revisions\/1125"}],"wp:attachment":[{"href":"https:\/\/isjpp-slu.infd.edu.ar\/sitio\/wp-json\/wp\/v2\/media?parent=286"}],"curies":[{"name":"wp","href":"https:\/\/api.w.org\/{rel}","templated":true}]}}